CRAN Package Check Results for Package ymlthis

Last updated on 2021-10-22 16:50:56 CEST.

Flavor Version Tinstall Tcheck Ttotal Status Flags
r-devel-linux-x86_64-debian-clang 0.1.5 5.00 48.09 53.09 OK
r-devel-linux-x86_64-debian-gcc 0.1.5 3.91 38.15 42.06 OK
r-devel-linux-x86_64-fedora-clang 0.1.5 78.93 NOTE
r-devel-linux-x86_64-fedora-gcc 0.1.5 63.35 NOTE
r-devel-windows-x86_64 0.1.5 8.00 89.00 97.00 OK
r-devel-windows-x86_64-gcc10-UCRT 0.1.5 NOTE
r-patched-linux-x86_64 0.1.5 7.18 49.50 56.68 OK
r-patched-solaris-x86 0.1.5 77.70 NOTE
r-release-linux-x86_64 0.1.5 3.50 49.27 52.77 OK
r-release-macos-arm64 0.1.5 NOTE
r-release-macos-x86_64 0.1.5 NOTE
r-release-windows-ix86+x86_64 0.1.5 8.00 71.00 79.00 OK
r-oldrel-macos-x86_64 0.1.5 NOTE
r-oldrel-windows-ix86+x86_64 0.1.5 9.00 78.00 87.00 OK

Check Details

Version: 0.1.5
Check: dependencies in R code
Result: NOTE
    Namespaces in Imports field not imported from:
     ‘miniUI’ ‘shinyBS’
     All declared Imports should be used.
Flavors: r-devel-linux-x86_64-fedora-clang, r-devel-linux-x86_64-fedora-gcc, r-devel-windows-x86_64-gcc10-UCRT, r-patched-solaris-x86, r-release-macos-arm64, r-release-macos-x86_64, r-oldrel-macos-x86_64