CRAN Package Check Results for Package yonder

Last updated on 2021-10-17 10:49:34 CEST.

Flavor Version Tinstall Tcheck Ttotal Status Flags
r-devel-linux-x86_64-debian-clang 0.2.0 6.28 53.25 59.53 NOTE
r-devel-linux-x86_64-debian-gcc 0.2.0 4.67 41.49 46.16 NOTE
r-devel-linux-x86_64-fedora-clang 0.2.0 87.76 NOTE
r-devel-linux-x86_64-fedora-gcc 0.2.0 73.21 NOTE
r-devel-windows-x86_64 0.2.0 11.00 68.00 79.00 NOTE
r-devel-windows-x86_64-gcc10-UCRT 0.2.0 NOTE
r-patched-linux-x86_64 0.2.0 12.25 52.88 65.13 NOTE
r-patched-solaris-x86 0.2.0 105.90 NOTE
r-release-linux-x86_64 0.2.0 5.73 51.87 57.60 NOTE
r-release-macos-arm64 0.2.0 NOTE
r-release-macos-x86_64 0.2.0 NOTE
r-release-windows-ix86+x86_64 0.2.0 11.00 80.00 91.00 NOTE
r-oldrel-macos-x86_64 0.2.0 OK
r-oldrel-windows-ix86+x86_64 0.2.0 15.00 80.00 95.00 OK

Check Details

Version: 0.2.0
Check: LazyData
Result: NOTE
     'LazyData' is specified without a 'data' directory
Flavors: r-devel-linux-x86_64-debian-clang, r-devel-linux-x86_64-debian-gcc, r-devel-linux-x86_64-fedora-clang, r-devel-linux-x86_64-fedora-gcc, r-devel-windows-x86_64, r-devel-windows-x86_64-gcc10-UCRT, r-patched-linux-x86_64, r-patched-solaris-x86, r-release-linux-x86_64, r-release-macos-arm64, r-release-macos-x86_64, r-release-windows-ix86+x86_64