CRAN Package Check Results for Package zendeskR

Last updated on 2021-10-18 19:51:56 CEST.

Flavor Version Tinstall Tcheck Ttotal Status Flags
r-devel-linux-x86_64-debian-clang 0.4 2.73 29.26 31.99 NOTE
r-devel-linux-x86_64-debian-gcc 0.4 2.38 23.29 25.67 NOTE
r-devel-linux-x86_64-fedora-clang 0.4 48.81 NOTE
r-devel-linux-x86_64-fedora-gcc 0.4 36.51 NOTE
r-devel-windows-x86_64 0.4 6.00 38.00 44.00 NOTE
r-devel-windows-x86_64-gcc10-UCRT 0.4 NOTE
r-patched-linux-x86_64 0.4 3.16 28.43 31.59 NOTE
r-patched-solaris-x86 0.4 60.80 NOTE
r-release-linux-x86_64 0.4 2.81 28.48 31.29 NOTE
r-release-macos-arm64 0.4 NOTE
r-release-macos-x86_64 0.4 NOTE
r-release-windows-ix86+x86_64 0.4 7.00 36.00 43.00 NOTE
r-oldrel-macos-x86_64 0.4 NOTE
r-oldrel-windows-ix86+x86_64 0.4 35.00 37.00 72.00 NOTE

Check Details

Version: 0.4
Check: DESCRIPTION meta-information
Result: NOTE
    Malformed Description field: should contain one or more complete sentences.
Flavors: r-devel-linux-x86_64-debian-clang, r-devel-linux-x86_64-debian-gcc, r-devel-linux-x86_64-fedora-clang, r-devel-linux-x86_64-fedora-gcc, r-devel-windows-x86_64, r-devel-windows-x86_64-gcc10-UCRT, r-patched-linux-x86_64, r-patched-solaris-x86, r-release-linux-x86_64, r-release-macos-arm64, r-release-macos-x86_64, r-release-windows-ix86+x86_64, r-oldrel-macos-x86_64, r-oldrel-windows-ix86+x86_64