CRAN Package Check Results for Package zipcodeR

Last updated on 2021-09-27 16:50:35 CEST.

Flavor Version Tinstall Tcheck Ttotal Status Flags
r-devel-linux-x86_64-debian-clang 0.3.3 16.13 140.15 156.28 OK
r-devel-linux-x86_64-debian-gcc 0.3.3 13.07 110.83 123.90 OK
r-devel-linux-x86_64-fedora-clang 0.3.3 193.81 NOTE
r-devel-linux-x86_64-fedora-gcc 0.3.3 186.45 NOTE
r-devel-windows-x86_64 0.3.3 28.00 217.00 245.00 OK
r-devel-windows-x86_64-gcc10-UCRT 0.3.3 NOTE
r-patched-linux-x86_64 0.3.3 15.29 132.49 147.78 OK
r-patched-solaris-x86 0.3.3 305.20 NOTE
r-release-linux-x86_64 0.3.3 14.42 132.43 146.85 OK
r-release-macos-arm64 0.3.2 NOTE
r-release-macos-x86_64 0.3.3 NOTE
r-release-windows-ix86+x86_64 0.3.3 35.00 176.00 211.00 OK
r-oldrel-macos-x86_64 0.3.3 NOTE
r-oldrel-windows-ix86+x86_64 0.3.2 32.00 188.00 220.00 OK

Check Details

Version: 0.3.3
Check: data for non-ASCII characters
Result: NOTE
     Note: found 5 marked UTF-8 strings
Flavors: r-devel-linux-x86_64-fedora-clang, r-devel-linux-x86_64-fedora-gcc, r-devel-windows-x86_64-gcc10-UCRT, r-patched-solaris-x86, r-release-macos-x86_64, r-oldrel-macos-x86_64

Version: 0.3.2
Check: data for non-ASCII characters
Result: NOTE
     Note: found 5 marked UTF-8 strings
Flavor: r-release-macos-arm64