CRAN Package Check Results for Package zipfextR

Last updated on 2024-06-13 10:49:15 CEST.

Flavor Version Tinstall Tcheck Ttotal Status Flags
r-devel-linux-x86_64-debian-clang 1.0.2 8.94 97.98 106.92 NOTE
r-devel-linux-x86_64-debian-gcc 1.0.2 0.40 1.73 2.13 ERROR
r-devel-linux-x86_64-fedora-clang 1.0.2 138.43 NOTE
r-devel-linux-x86_64-fedora-gcc 1.0.2 141.11 NOTE
r-devel-windows-x86_64 1.0.2 11.00 95.00 106.00 NOTE
r-patched-linux-x86_64 1.0.2 6.90 97.89 104.79 NOTE
r-release-linux-x86_64 1.0.2 6.88 96.30 103.18 NOTE
r-release-macos-arm64 1.0.2 44.00 NOTE
r-release-macos-x86_64 1.0.2 59.00 NOTE
r-release-windows-x86_64 1.0.2 10.00 98.00 108.00 NOTE
r-oldrel-macos-arm64 1.0.2 43.00 NOTE
r-oldrel-macos-x86_64 1.0.2 71.00 NOTE
r-oldrel-windows-x86_64 1.0.2 14.00 114.00 128.00 NOTE

Check Details

Version: 1.0.2
Check: LazyData
Result: NOTE 'LazyData' is specified without a 'data' directory Flavors: r-devel-linux-x86_64-debian-clang, r-devel-linux-x86_64-fedora-clang, r-devel-linux-x86_64-fedora-gcc, r-devel-windows-x86_64, r-patched-linux-x86_64, r-release-linux-x86_64, r-release-macos-arm64, r-release-macos-x86_64, r-release-windows-x86_64, r-oldrel-macos-arm64, r-oldrel-macos-x86_64, r-oldrel-windows-x86_64

Version: 1.0.2
Check: package dependencies
Result: ERROR Package required but not available: ‘tolerance’ Package suggested but not available for checking: ‘testthat’ See section ‘The DESCRIPTION file’ in the ‘Writing R Extensions’ manual. Flavor: r-devel-linux-x86_64-debian-gcc