CRAN Package Check Results for Package zipfextR

Last updated on 2021-09-18 22:53:20 CEST.

Flavor Version Tinstall Tcheck Ttotal Status Flags
r-devel-linux-x86_64-debian-clang 1.0.2 9.95 84.58 94.53 NOTE
r-devel-linux-x86_64-debian-gcc 1.0.2 9.25 67.40 76.65 NOTE
r-devel-linux-x86_64-fedora-clang 1.0.2 106.46 NOTE
r-devel-linux-x86_64-fedora-gcc 1.0.2 104.37 NOTE
r-devel-windows-x86_64 1.0.2 11.00 129.00 140.00 NOTE
r-devel-windows-x86_64-gcc10-UCRT 1.0.2 NOTE
r-patched-linux-x86_64 1.0.2 9.41 83.66 93.07 NOTE
r-patched-solaris-x86 1.0.2 171.40 NOTE
r-release-linux-x86_64 1.0.2 10.12 81.84 91.96 NOTE
r-release-macos-arm64 1.0.2 NOTE
r-release-macos-x86_64 1.0.2 NOTE
r-release-windows-ix86+x86_64 1.0.2 21.00 86.00 107.00 NOTE
r-oldrel-macos-x86_64 1.0.2 OK
r-oldrel-windows-ix86+x86_64 1.0.2 21.00 89.00 110.00 OK

Check Details

Version: 1.0.2
Check: LazyData
Result: NOTE
     'LazyData' is specified without a 'data' directory
Flavors: r-devel-linux-x86_64-debian-clang, r-devel-linux-x86_64-debian-gcc, r-devel-linux-x86_64-fedora-clang, r-devel-linux-x86_64-fedora-gcc, r-devel-windows-x86_64, r-devel-windows-x86_64-gcc10-UCRT, r-patched-linux-x86_64, r-patched-solaris-x86, r-release-linux-x86_64, r-release-macos-arm64, r-release-macos-x86_64, r-release-windows-ix86+x86_64